or of c and 22.
22
Suppose -9*a + 143 + 127 = 0. Suppose a = 4*y - 34. Calculate the highest common factor of 128 and y.
16
Let w be (3/(1*-6))/((-5)/330). What is the greatest common divisor of 165 and w?
33
Let s be 66/9 - (-45)/27. Suppose 3*x - 36 = -x. What is the greatest common factor of x and s?
9
Let g(t) = 2*t**2 + 82*t - 167. Let k be g(-43). What is the greatest common divisor of k and 17?
1
Suppose -152*h = -172*h + 840. What is the highest common divisor of 78 and h?
6
Suppose -4*g + 158 = 2*b, -236 = -5*b - 5*g + 154. Suppose -2*f - o + 17 = 0, 0*f - 2*o + 1 = f. Calculate the highest common divisor of b and f.
11
Suppose -160 = -2*d - 2*d. Suppose 0 = -d*s + 38*s + 320. Calculate the greatest common factor of 20 and s.
20
Let v(p) = -p**3 + 7*p**2 + 26*p + 8. Let f be v(9). Let l(q) = -q**2 + 15*q - 4. Let s be l(12). What is the greatest common factor of f and s?
16
Suppose 0*d + 2*d - 5*m = 21, 2*m = 2*d - 12. Suppose -d*g + 28 = -2*g. Calculate the greatest common divisor of g and 4.
4
Let p = -7 + 72. Suppose 2*d = -3*d + p. Let u be 3 - 2 - (-19 - 123). Calculate the highest common divisor of u and d.
13
Let k be 48747/18 + (-2)/12 - -4. What is the highest common factor of k and 24?
24
Let v = -31 - -83. Let y be v/6*(-21)/7. Let h = y - -56. What is the highest common factor of h and 15?
15
Suppose -5*f - 3*s - 123 = -374, 3*s + 141 = 3*f. Let p = -29 + f. Let o = p + 68. What is the greatest common divisor of o and 8?
8
Let q be (2*-3)/((-4)/2). Suppose 234 + 336 = q*a. What is the highest common factor of a and 76?
38
Suppose 0 = 3*m + 2*w - w - 54, -5*m - w + 90 = 0. Calculate the highest common divisor of 558 and m.
18
Let k = -14 - -15. Let w be k*8 + (-7 - -5). Let g be 3/(w/70) + -3. Calculate the greatest common factor of 8 and g.
8
Suppose 5*m = w - 1340, 338 = -2*m - 4*w - 176. Let d = m - -501. What is the greatest common divisor of d and 26?
26
Let f be -4 + ((-216)/(-16))/((-3)/(-12)). Calculate the greatest common factor of f and 350.
50
Suppose 2*c = 9 + 19. Let b be ((-11)/(-9) - 1) + (-3770)/(-45). Calculate the highest common divisor of c and b.
14
Suppose -4*m + 2*b = -478, 4*m = 3*b - 195 + 678. Let o be 1 + ((-28)/(-2))/(-1). Let q be -1 - 2 - o - -3. What is the highest common divisor of q and m?
13
Let r = 27 - 22. Suppose i = r*i - 32. What is the highest common divisor of 72 and i?
8
Let l be -7 + 7 + (2 - 0). Suppose -34*o + 3 = -33*o. What is the highest common divisor of l and o?
1
Let w = -2 + 2. Suppose w = 2*x - 39 - 5. Calculate the greatest common divisor of 2 and x.
2
Let s(n) = 24*n**2 + 2*n - 2. Let p = -31 + 45. Let y(f) = -f**2 + 13*f + 17. Let z be y(p). Let v be s(z). What is the greatest common divisor of v and 20?
20
Let w(b) = -5 - 5 + 7*b - 19*b + 5*b. Let g be w(-7). What is the greatest common divisor of g and 13?
13
Suppose 0 = -5*r - 4*y + 168, -3*y - 81 = -2*r - 0*r. Suppose b = -3*b - 12, -4*c + 24 = 4*b. What is the highest common divisor of r and c?
9
Suppose -5*i = 2*v + 8, 3*v + 8 = -5*i + 6. What is the greatest common factor of 12 and v?
6
Let t = -7 - -7. Let s = -3 - t. Let y be (s/6)/(1/(-12)). Calculate the highest common factor of y and 2.
2
Let x(z) = -33*z - 12*z + z - 13. Let d be x(-2). What is the greatest common factor of d and 15?
15
Suppose 12 = 3*h - 4*n, 2*n - 6 = 4*n. Suppose 6 = 3*s - h. Suppose -s*c = 2*c - 156. Calculate the highest common divisor of c and 13.
13
Let f = -21 + 65. Let d(m) = m - 1. Let v be d(4). Suppose 20 = v*c + 2*c. Calculate the greatest common divisor of f and c.
4
Suppose 0 = -3*g + 9 + 30. Suppose 63*y = 53*y + 1170. Calculate the greatest common factor of g and y.
13
Let l be 2 + 1 + 1 + 1. Suppose -h = -2*t - 93, -h - l*t + 66 = -6. What is the greatest common divisor of 29 and h?
29
Let x(w) = -w**2 - 12*w - 13. Let f be x(-11). Let i = 5 + f. Suppose 1 = -i*u + 28. What is the highest common factor of u and 6?
3
Suppose 4*y - 304 = -4*t, 4*y = 5*t - 15 + 355. Calculate the greatest common factor of 50 and y.
10
Let m be (-10)/65 - (-197)/13. Let u = -322 - -352. Calculate the greatest common factor of m and u.
15
Let i = 1066 - 850. Calculate the greatest common factor of 576 and i.
72
Let k(p) = -74*p - 2. Let m be k(-3). Let l(t) = -t**2 + 12*t + 20. Let o be l(0). What is the greatest common factor of o and m?
20
Let h be -1 + 1/(-3)*-3. Let v be ((h - -1)*-12)/(-31 + 29). Calculate the highest common factor of 42 and v.
6
Suppose 2*d - 75 = -8*a + 3*a, -a = -2*d + 69. Calculate the highest common divisor of 322 and d.
7
Let r(y) = 8*y + 231. Let p be r(21). Calculate the highest common divisor of 57 and p.
57
Suppose g + 4 - 19 = 0. Suppose 8 = 2*h + 4. Let i be (h - (2 - (-2)/(-2))) + 134. What is the highest common divisor of g and i?
15
Let u = -152 - -161. What is the highest common factor of 63 and u?
9
Let k be -3 + 32 + (-1 - -1). Let j = 47 - k. Suppose 19*n - 15*n - 576 = 0. Calculate the greatest common divisor of j and n.
18
Let o be (-30)/12*(-156)/15. Let l = 78 + -52. What is the greatest common factor of o and l?
26
Suppose 0 = 5*v - 11*v + 54. Calculate the highest common divisor of v and 657.
9
Let f(r) = -35*r - 381. Let c be f(-11). Calculate the highest common factor of 244 and c.
4
Let h(n) = -3*n**2 + 137*n + 76. Let z be h(41). What is the greatest common divisor of z and 100?
50
Suppose -3*w = 10 + 8. Let t be 0 - w/(-4)*40/(-10). What is the greatest common factor of 48 and t?
6
Suppose 802 = 4*g + 5*r, 3*g - 222 - 368 = 2*r. What is the highest common factor of g and 72?
18
Let s = -33 + 96. Suppose -23*k + 145 = -62. Calculate the highest common divisor of s and k.
9
Let r(x) = -2*x + 15. Let f be r(-12). Let q be 2*(54/(-4) - -2). Let j = q + f. What is the highest common factor of j and 40?
8
Suppose -2*x - n = -3*x - 6, 0 = -3*x - 4*n + 3. Let y be -3 + 5 - (-25 - x). Calculate the greatest common divisor of 16 and y.
8
Suppose -34 = -6*y + 4*y. Suppose -2*g + 97 = y. Calculate the greatest common factor of 40 and g.
40
Let j(s) = 24*s. Let f(n) = 1177*n. Let p(r) = -2*f(r) + 99*j(r). Let l be p(1). Let z be -2*5*(-11)/l. What is the greatest common factor of z and 45?
5
Suppose 5*d - 300 = -4*l, 30 + 187 = 3*d - 5*l. Let o = 8 + 0. What is the greatest common factor of o and d?
8
Let w be (-90)/(-3 - (-3 + 1)). Suppose 0 = 2*d + 2 - 74. What is the highest common divisor of d and w?
18
Let a = -83 + 87. Suppose 28 = -h + 72. Calculate the greatest common factor of h and a.
4
Let j be 2 + 1 + (-1 - -7). Let v = 933 - 633. Suppose v = -4*o + j*o. Calculate the greatest common divisor of 12 and o.
12
Let j(b) = -b**3 - 3*b**2 + 12*b + 12. Let x be j(-5). Suppose 5*n - 49 = -x*u, 5*u - 5 = -5*n + 35. Calculate the greatest common factor of 44 and n.
11
Let z(b) = 13*b**2 + 7*b + 8. Let o be z(-3). What is the greatest common divisor of 156 and o?
52
Suppose 0*n - 5*n = 2*k - 191, -2*n - 258 = -3*k. Calculate the highest common factor of 198 and k.
22
Let f = 1314 + -1066. Calculate the greatest common divisor of f and 93.
31
Let h(c) = 112*c + 16. Let v be h(1). What is the highest common divisor of v and 4?
4
Let a = 85 - 94. Let x be (((-792)/10)/(-3))/(a/(-45)). What is the highest common factor of 12 and x?
12
Let l = 12 - -12. What is the highest common factor of l and 1044?
12
Let m = -426 - -303. Let b = m + 303. Suppose -4*g + 7*g = b. What is the greatest common divisor of g and 24?
12
Let w = -674 - -704. What is the highest common divisor of 42 and w?
6
Let o(t) = -14*t - 13. Let s be o(-2). Suppose x = -h + 14, -5 = -2*x + 3. What is the highest common divisor of s and h?
5
Let a = 484 - 432. What is the highest common divisor of a and 1014?
26
Let h = -295 - -302. Suppose 0 = 4*l - 3*j - 218, -68 = -l - j - 10. Calculate the greatest common factor of h and l.
7
Suppose -o + 0*o = -395. What is the highest common divisor of o and 632?
79
Let l = 36 - 24. Let m be 18 + (4/(-2) - -1). Let p = m - l. Calculate the highest common divisor of 35 and p.
5
Let h = 329 + -244. Calculate the greatest common divisor of h and 102.
17
Let b be 196/6*(3/2 + 0). Suppose -b + 14 = -7*k. Suppose 0 = 5*c - 38 - 187. What is the highest common factor of k and c?
5
Let z = -30 + 34. Suppose 